 o(v) = v + 19. Let w be o(s). Suppose u - 2*u + 18 = 0. Calculate the highest common divisor of w and u.
9
Suppose 0*p = p - 40. What is the highest common divisor of 16 and p?
8
Let z(s) = -s**3 + 3*s**2 - 3*s + 1. Let q be z(2). Let j be ((-12)/(-9))/(q/(-54)). Calculate the greatest common factor of 8 and j.
8
Let c(b) = -b**2 + 10*b - 1. Let i be c(5). Let o(v) = -v**2 + 15*v + 10. Let h be o(10). Calculate the greatest common divisor of h and i.
12
Let d(v) = 35*v - 47. Let o be d(3). What is the highest common factor of o and 2?
2
Let d be (-5)/40*4 + (-81)/(-2). What is the highest common divisor of d and 10?
10
Let l be (-2)/(-4) - 19/(-2). Calculate the greatest common divisor of 20 and l.
10
Suppose -r = r - 12. Suppose -c = -5*k + 490, -2*c - 392 = -r*k + 2*k. Calculate the highest common divisor of 14 and k.
14
Suppose i - 7 = 2*d - 2*i, 5*d + 5*i - 45 = 0. Suppose -d*a + 51 = -3*l, -3*a - 3*l + 0*l + 33 = 0. What is the greatest common factor of 60 and a?
12
Let i = 34 + -18. Suppose -20*j - j + 168 = 0. Calculate the highest common divisor of i and j.
8
Suppose 17 = 4*f + 5. Suppose -a + 2*a + 2*y + 2 = 0, 2*a + f*y = -1. Let r be a/(-14) - (-212)/7. What is the greatest common factor of 6 and r?
6
Let l be (-2)/5 - 368/(-20). Let y = 20 - -25. Calculate the greatest common factor of y and l.
9
Suppose 39 = 5*z - 11. Calculate the greatest common divisor of 70 and z.
10
Suppose -3*o - 5 = -4*q, -3*q + 4*o - 5 = -0*q. Let u(s) = 12*s**2 - s - 1. Let i be u(2). Calculate the highest common factor of q and i.
5
Suppose 2*n - 3 = 3. Suppose -2*p + 611 = 5*a, p = 3*a - n*p - 351. What is the highest common divisor of a and 11?
11
Let m be 280/12 + (-32)/24. Let p(c) = 3*c**2 + 4*c. Let v = -4 - 1. Let q be p(v). What is the highest common divisor of q and m?
11
Suppose 0 = 4*x - 112 - 0. Calculate the greatest common factor of x and 7.
7
Let f(v) = -v**3 - 6*v**2 + 4. Let s be f(-6). Let g(r) = 9*r**2 - s*r - 6*r - r**3 + 2*r + 3. Let h be g(6). What is the greatest common factor of 9 and h?
9
Let o be 2*(-1)/(-1) - -2. Let z be 2/((-8)/(-25))*o. Let n = 9 - -1. What is the highest common divisor of n and z?
5
Let o be ((-14)/4)/((-1)/6). Calculate the highest common factor of 42 and o.
21
Let j = 20 + -12. Let g be 70/j - (-4)/16. What is the highest common factor of 9 and g?
9
Suppose 5*w + 114 = 3*r + 7, r - 19 = 5*w. Suppose 0*k = 5*k - 20. Calculate the highest common factor of r and k.
4
Suppose 4*z + 3 = -3*u + 76, -u - 93 = -4*z. Let r be (-1)/(-4)*22*2. Calculate the greatest common divisor of r and z.
11
Let k = -2 + 6. Suppose -k*q + 2*q + 20 = 0. Calculate the greatest common divisor of q and 2.
2
Let h be 129/9 + 4/6. What is the highest common factor of h and 6?
3
Let q(v) = v - 7. Let h be q(9). Suppose h*r + 6 = 5*r. Calculate the highest common factor of r and 4.
2
Suppose -4*p + 8 - 28 = 0. Let u(r) = -r**2 - 7*r - 7. Let c be u(p). What is the greatest common factor of 21 and c?
3
Suppose 0 = -h + 12 + 1. Suppose 260 = 5*c - 2*j, -3*j = -3*c - 5*j + 156. Calculate the highest common factor of h and c.
13
Let s(f) = 3*f - 1. Let v be s(2). Suppose -2*q = 2*q - 4*m - 160, -200 = -v*q - m. What is the greatest common divisor of 16 and q?
8
Suppose 2*s - 3 = 15. Suppose 3*n - 159 = 138. Let p = -18 + n. Calculate the highest common factor of s and p.
9
Let l(a) = 3*a + 7. Let i be 12/90 - 6/45. Let j be l(i). Let d be (-3 + 1 - 0) + 9. Calculate the greatest common factor of d and j.
7
Let w(x) = -x**2 + 9*x + 8. Let v be w(8). Let c = v - -4. What is the greatest common divisor of c and 10?
10
Let i be 26/((-2)/(-1)) - -2. Suppose 0 = 2*w + 3*z + 17, 20 + 3 = -5*w - z. Let b be (-634)/(-6) + w/6. Calculate the highest common divisor of b and i.
15
Let b be 3/(-6) + (-286)/(-4). Let q(c) = -2*c - 6. Let s be q(-5). Suppose s*x + 0*l - 286 = 2*l, x - b = l. What is the greatest common factor of x and 8?
8
Let b be 12/10*75/6. What is the greatest common divisor of b and 25?
5
Suppose -5*d = 15, -5*d + 0*d - 127 = 4*y. Let l be (-878)/(-14) - 8/y. What is the highest common factor of 9 and l?
9
Let f be 8/((28/32)/7). Let y be 2 + 16 + -2 + 0. What is the greatest common divisor of f and y?
16
Let y = 12 + -9. Let p = -2 - -5. Let s be p + 0/3 + -2. Calculate the highest common factor of y and s.
1
Suppose 3*w = -0*w + 12. Suppose 2*a - 3*a = -123. Suppose 0 = -w*v + a - 43. Calculate the greatest common divisor of v and 30.
10
Let w(r) = r**3 + 7*r**2 + 2*r + 4. Let b be w(-6). Let a = 120 - 50. Calculate the greatest common factor of b and a.
14
Let j(v) = -2*v + 6. Let r be j(4). Let h be 1/(-5)*r*40. Suppose 3*z = -z + h. What is the greatest common factor of 4 and z?
4
Let f be 21/(1*9/(-6)). Let j be (f/8)/(1/(-20)). Calculate the greatest common divisor of j and 14.
7
Let z(w) = 7*w**2 - 8*w - 6. Suppose 6*p + 25 = p. Let a be z(p). Calculate the highest common divisor of a and 19.
19
Let s(p) = 20*p**2. Let n be s(1). Let q = 614 - 434. What is the highest common divisor of q and n?
20
Suppose 0 = 10*b - 6*b - 252. What is the highest common divisor of 7 and b?
7
Let o = 6 + -5. Suppose -9 + o = -4*c. Suppose -4*z + 0*d - 1 = 5*d, 22 = c*z - 2*d. Calculate the greatest common factor of 36 and z.
6
Suppose -2*q + 2*y = -144, -q + 2*y = -30 - 42. Calculate the greatest common divisor of q and 9.
9
Let y be 1*-9*(3 + -6). Calculate the greatest common factor of 9 and y.
9
Suppose 0 = 4*v - 23 + 7. Suppose 28 = y - 3*i + 5*i, -v*y + 2*i = -102. Calculate the greatest common divisor of y and 13.
13
Suppose -j - d - 6 = 2*d, 3*d = j - 18. Let s = 9 - j. Suppose 0 = -p - i + 10, 4*p - s*p = -3*i + 4. Calculate the greatest common factor of 13 and p.
13
Suppose 3*a - 409 + 113 = -2*t, -310 = -3*a + 5*t. What is the highest common factor of 25 and a?
25
Let h be (8/(-10))/((-4)/110). Let j = 24 - 2. Calculate the highest common divisor of h and j.
22
Let u = 6 + -4. Suppose -b = u*b - 51. What is the greatest common factor of 17 and b?
17
Suppose 9 = 5*m - 11, 0 = 4*s - m - 832. Calculate the greatest common factor of 19 and s.
19
Let i = -85 + 119. Let v = i + -19. Suppose k + 33 = 153. What is the highest common factor of v and k?
15
Let g be (-1)/(4/(-16)*2/12). Calculate the greatest common factor of 8 and g.
8
Suppose w - 6 = -2. Suppose -s = -w*s - 33. Let q = 21 + s. What is the greatest common factor of 5 and q?
5
Let m(d) = d**2 - d - 4. Let x be m(-5). What is the greatest common factor of x and 52?
26
Let h = 88 - 4. Suppose j - h = -j. What is the greatest common divisor of j and 6?
6
Let j = 5 - -1. Suppose -4*z = -z - j. Calculate the greatest common factor of z and 4.
2
Suppose -3*h = -0*h - 12. Let p be (-31)/(-3) + (-4)/12. Let w = 14 - p. Calculate the highest common divisor of w and h.
4
Let x = -121 - -72. Let b = 6 - x. Suppose 4*o = 5*y - 94, 5*o + 2 = y - 0*o. Calculate the greatest common divisor of b and y.
11
Suppose -13*p + 25 = -8*p. Let h be ((-6)/p)/((-7)/105). What is the highest common factor of h and 90?
18
Let d be (1 - -3)/((-1)/(-2)). What is the highest common divisor of d and 64?
8
Suppose 12 = -7*n + 96. What is the greatest common factor of 96 and n?
12
Let v(r) = r**2 + r - 4. Let y be v(-6). Calculate the greatest common divisor of y and 65.
13
Let v = 117 + -62. Let r = -7 - -82. Let m = r - 53. What is the highest common factor of v and m?
11
Suppose -4*t + 81 - 9 = 0. Let i(g) = g**3 + g**2 - g - 105. Let q be i(0). Let r = 177 + q. What is the highest common divisor of r and t?
18
Suppose -3*m + 3*l - 7*l = -160, 0 = 2*m - 3*l - 135. Let r be 13 - (-2)/4*-2. What is the highest common divisor of r and m?
12
Let q = 72 + -51. What is the greatest common divisor of 7 and q?
7
Let l = -2 - -5. Let z(a) be the first derivative of a**3/3 + 3*a**2 + 6*a - 2. Let o be z(-5). What is the highest common divisor of l and o?
1
Let i(m) = 2*m + 1. Let t be i(-3). Let x(k) = -k**2 - 6*k + 5. Let s be x(t). Calculate the highest common factor of 10 and s.
10
Let l be ((-1)/2)/(2*(-3)/12). Calculate the highest common factor of l and 9.
1
Let r = 8 - 2. Let v be 4/r - (-133)/21. Suppose -4*c + 168 + 84 = 0. Calculate the greatest common divisor of v and c.
7
Let b be ((-10)/4)/((-4)/(-8